 of d?
6
Let d(r) = 9*r - 6. Let k be d(8). Suppose -4*y - 3*a + k = -18, -3*y = -5*a - 63. What is the tens digit of y?
2
Let j = -6 + 6. Let q(z) = -z + 19. Let l be q(j). Suppose 0 = 3*n + l - 55. What is the tens digit of n?
1
Suppose l - 2*g - 51 = 0, 3*g + 255 = 5*l - 0*l. What is the units digit of l?
1
Let v = 124 - 77. What is the tens digit of v?
4
Let m(y) = 5*y**2 + 15*y + 20. Let l(f) = f**2 + 3*f + 4. Let u(n) = 22*l(n) - 4*m(n). What is the tens digit of u(-4)?
1
Let l be (-4)/((-1)/4*-2). Let c = 6 + l. What is the units digit of (-7)/(-2) + 1/c?
3
Let x = 62 + -21. What is the tens digit of x?
4
Suppose 0 = j - 3*f - 50, -2*j = -0*j - 5*f - 105. What is the units digit of j?
5
Let f = -6 + 10. Let m be f/(-3) + (-5)/(-15). What is the units digit of 8 + -1*(0 + m)?
9
Suppose -3*y + 44 - 17 = 0. Suppose x = y - 3. What is the units digit of x?
6
Suppose 2*o + 0*o = -16. Let m = 19 + o. Suppose -g + 5 = 2*g - 2*p, g + 4*p = m. What is the units digit of g?
3
Suppose -5*l + 15 = x, 2*l + 4*x + 5 + 7 = 0. What is the units digit of l?
4
Let s = -23 - -40. Let o = 6 + -2. Suppose -o*q - 4*t + 20 = 0, -q + t = -6*q + s. What is the units digit of q?
3
Suppose 8*z = -26 + 898. What is the units digit of z?
9
Let g(f) = -4*f. Let z be g(-1). Suppose z = r - d, 2*r - 8 = r - 3*d. Suppose -3*c - r = -2*c, 5*q + 2*c = 15. What is the units digit of q?
5
Suppose 0 = m - 9 - 3. What is the units digit of m?
2
Let x = 24 + -6. What is the units digit of x?
8
Let w be (-92)/6 - 2/(-6). Let i = w + 23. What is the units digit of i?
8
Let n = 22 + -19. What is the units digit of n?
3
Suppose -6*m = -m - 240. Suppose -j + 24 = 4*p - 0*j, 4*p = 5*j + m. What is the units digit of p?
7
Let u be -1*5 + (6 - 3). What is the units digit of 4/(-4) + (-28)/u?
3
Suppose k - 2 = 0, 4*k - 133 = -2*i - 15. Suppose -g = 2*y + 137, 24 + i = -y + 3*g. What is the units digit of 4/(-6) - y/15?
4
Suppose -5*d + 2*n = 5*n - 37, 3*n = 12. Suppose -3*r - d = -32. What is the units digit of r?
9
Let l be (11/(-2))/((-5)/(-20)). Let j = 61 + l. Suppose -3*i + 6*i = j. What is the units digit of i?
3
Suppose -y + 5*b = -23, 0 = 2*y - b + 4*b - 59. What is the tens digit of y?
2
Let h(y) = -3*y**3 - y + 3. What is the tens digit of h(-2)?
2
Let h(s) be the third derivative of -s**5/60 - s**4/2 + s**3/2 - 5*s**2. What is the units digit of h(-9)?
0
Let k = -34 + 47. What is the tens digit of k?
1
Suppose 2*f = -h + 81, -3*f + 59 = 4*h - 60. What is the units digit of f?
1
Let p be ((-1)/(-1) - 11)/(-2). Suppose p*y = 18 + 2. Suppose -4 = h - y*g + 2*g, g = 3*h - 8. What is the units digit of h?
4
Let r = -50 + 116. What is the tens digit of r?
6
Let p = 18 + -10. Let q(n) = -6 - 2*n + 5*n**2 + p*n - 3*n**2. What is the units digit of q(-5)?
4
Suppose 0 = -3*v + 74 + 19. What is the tens digit of v?
3
What is the tens digit of 0 + (3 - -20)*3?
6
Let v = -3 - -7. Suppose 5*j + v*l = -3, -2*j - 6 = 5*l - l. Let s(c) = 11*c**3 + c - 1. What is the units digit of s(j)?
1
Suppose -2*d - 72 = -4*d. What is the units digit of d?
6
Let t = 2 + 19. Suppose 0 = 4*j - 8 - 0. Suppose u = -j*u + t. What is the units digit of u?
7
Suppose 9 = 5*u - 6. Suppose -2*s - 2*s - u*b = -76, -3*s + 2*b = -40. What is the tens digit of s?
1
Let q(h) = -h**3 + 4*h**2 - 9*h - 19. What is the hundreds digit of q(-6)?
3
Let n(j) = j**2 - 7*j - 7. Let f be n(8). Suppose -r + 17 = f. What is the tens digit of r?
1
Let m be 4/6 - (-60)/18. Suppose 0*z = -m*z + 4. What is the units digit of z?
1
Let p = -4 + 21. What is the units digit of p?
7
Suppose 0 = -2*x + 11 - 1. Suppose -42 = x*m - 17. What is the units digit of (3 + m)*(-18)/4?
9
Let q(h) = h**3 + 4*h**2 + 4*h + 1. Let o be q(-3). Let j = 9 + o. What is the units digit of j?
7
Suppose 5*x - 190 = 2*s, -3*x + 66 = 5*s - 17. Let b = x + -26. What is the units digit of b?
0
Let r be 6/(-3)*(1 - 0). What is the units digit of (-7)/r + 1/2?
4
Let l = 10 - 2. Let v(r) = r**2 - 6*r - 6. What is the tens digit of v(l)?
1
Let h be 4 + (1 - (5 - 1)). Suppose -2*n + h = -9. Let b = n + 0. What is the units digit of b?
5
What is the units digit of (3 + 2 - 6)/(2/(-14))?
7
Let y = 233 - 97. What is the hundreds digit of y?
1
Let z be -4*1/((-2)/(-4)). Let a be (3/6)/(2/z). Let f = 5 + a. What is the units digit of f?
3
Let p(u) be the first derivative of -u**2 - 2*u - 3. What is the units digit of p(-8)?
4
Suppose -6 = 2*a - 2*r, 0*r - 2*r + 14 = 2*a. Suppose 4*z - a*o = 134, -2*o = -3*z - 4*o + 97. What is the units digit of z?
3
Suppose 0 = -4*x + 4*q + 4, 0 = -0*x - x + 3*q - 7. Suppose 2*h - n - 4*n = 14, x*h - 5*n - 5 = 0. Let t = h + 18. What is the units digit of t?
5
Let v = -4 + 9. Suppose v*b + 0*b = 120. What is the units digit of b?
4
Let q be (-2)/3 + (-22)/(-6). Suppose -b - i = -37, -q*i + i + 42 = b. What is the tens digit of b?
3
Let g(l) = l**2 + 3*l + 6. Let u = 18 - 23. What is the tens digit of g(u)?
1
Let g be (-3 - -5) + -5 + 19. Suppose -n - 5 = -g. What is the tens digit of n?
1
Suppose -6*z - 4 = -7*z. What is the units digit of ((-1)/z)/((-5)/100)?
5
What is the tens digit of 2/4 - (-126)/4?
3
Let k = -4 - -9. Let s(b) = -5 + 0*b + 3*b - b**3 + 0*b**3 + k*b**2. What is the tens digit of s(5)?
1
Let o(n) = -n**2 + 1. Let t(a) = -5*a**2 - 2*a - 6. Let q(f) = -6*o(f) - t(f). What is the tens digit of q(-2)?
4
Let c(m) = -m + 4. Let z be c(4). Suppose z = g + 2. What is the units digit of 0 - ((-1 - -2) + g)?
1
Let y = 62 + -50. What is the tens digit of y?
1
Let r(z) be the second derivative of -z**5/20 - z**3/6 - z**2/2 + 8*z. What is the units digit of r(-3)?
9
Let j = -2 + -6. Let f = 13 + j. Suppose -f*d = -6 - 19. What is the units digit of d?
5
Let w = 5 - 2. Suppose -112 = -4*r - w*q, r + 0*r = 2*q + 17. What is the units digit of r?
5
Let j(r) = -r**3 + 3*r**2 + 9*r - 6. What is the units digit of j(4)?
4
Let f = 46 - 5. What is the tens digit of f?
4
Let a(l) = -l**2 - 14*l + 17. Suppose 5*d - 1 + 76 = 0. What is the units digit of a(d)?
2
Let f(o) = 12*o - 17. What is the tens digit of f(9)?
9
Let d(k) = 20*k - 3. What is the units digit of d(2)?
7
Suppose 2*h - 74 = 3*l - 33, 1 = l. What is the tens digit of h?
2
Let m = 5 + 5. Suppose 2*p - 5*a = -m, -2*a + 3 = -4*p + 3*p. Suppose 39 = p*i - 2*n, 2*n - 4*n - 4 = 0. What is the units digit of i?
7
Suppose 0 = -4*z + 453 + 39. What is the units digit of z?
3
Let a be (-2)/7 + (-90)/(-21). Let i(f) = -f**3 + 3*f**2 + 4*f + 2. Let n be i(a). Suppose -14 = -n*w - 0*w. What is the units digit of w?
7
Let j(r) = -r**2 - 4*r + 8. Let y(u) = 2*u**2 + 12*u - 23. Let g(o) = -8*j(o) - 3*y(o). What is the tens digit of g(4)?
2
Suppose 5*s + 3*y + 23 = 0, 5*s - 4*y + 8 + 8 = 0. Suppose -5*d - 10 = 3*n - 8*n, -2*n = -4*d - 8. Let w = d - s. What is the units digit of w?
2
Let z(f) = -f + 9 - 10 + 0*f. Let j be z(-3). Suppose j*n = 10 + 4. What is the units digit of n?
7
What is the tens digit of 0 - (-122 + (2 - 2))?
2
Suppose 2*s - 7 = -1. Suppose -6*f + 4*f = -s*k - 56, 21 = f - 5*k. What is the tens digit of f?
3
Let i(m) = 37*m**2 + 2*m + 5. What is the tens digit of i(-2)?
4
Let p = -12 - -14. What is the tens digit of p/(2/(-26)*-2)?
1
Let w = -3 + 8. What is the tens digit of 19/1 - 10/w?
1
Suppose 9*f = 4*f + 275. What is the units digit of f?
5
Suppose 3*o - 37 = -w, 3*w + 4*o + 0*o - 111 = 0. What is the tens digit of w?
3
Suppose 530 = 5*t - 5*x - 465, 2*x - 187 = -t. What is the hundreds digit of t?
1
What is the hundreds digit of -1*(496/(-2) + -2)?
2
Let k(o) = 2*o**3 - 4*o**2 + 2*o + 2. What is the units digit of k(2)?
6
Let f(c) = c - 5. Let z be f(4). What is the units digit of z - 1 - -2 - -7?
7
Suppose 0*t = 4*t - 16. Suppose -14 = -t*w + 2. What is the units digit of w?
4
Let k = 0 - -6. Let j = k - -6. What is the units digit of j?
2
Let o be (-11)/4 + (-2)/8. Let y = -1 - o. Suppose -3*h + 4 = -y*h. What is the units digit of h?
4
Suppose -6*z + 3*z = 24. What is the units digit of 2/4 - z/16?
1
Suppose -3*r + 1546 - 364 = 0. What is the hundreds digit of r?
3
Let d(x) = x**2 - 12*x + 11. Let z be (12 + (-4)/(-4))/1. What is the tens digit of d(z)?
2
Suppose -1 + 9 = 2*g + 4*o, -2*o = -3*g + 28. Let c(n) = -n**3 + 6*n**2 + 7*n. Let l be c(7). Suppose -2*b +